{"id":4,"date":"2018-01-03T21:17:20","date_gmt":"2018-01-03T21:17:20","guid":{"rendered":"https:\/\/stallzeit-dk.de\/?page_id=4"},"modified":"2025-01-08T18:10:18","modified_gmt":"2025-01-08T18:10:18","slug":"home","status":"publish","type":"page","link":"https:\/\/stallzeit-dk.de\/","title":{"rendered":"Home"},"content":{"rendered":"\n<h3 class=\"wp-block-heading\"><u>Herzlich Willkommen zur \u201eStallzeit\u201c \u2013 wir freuen uns, dass Sie vorbei schauen<\/u><\/h3>\n\n\n\n<h3 class=\"wp-block-heading has-text-align-center\"><figure><img loading=\"lazy\" decoding=\"async\" class=\"wp-image-9  alignnone\" src=\"https:\/\/stallzeit-dk.de\/wp-content\/uploads\/2018\/01\/cropped-20171105_093226-1-1024x614.jpg\" alt=\"\" width=\"498\" height=\"299\" srcset=\"https:\/\/stallzeit-dk.de\/wp-content\/uploads\/2018\/01\/cropped-20171105_093226-1-1024x614.jpg 1024w, https:\/\/stallzeit-dk.de\/wp-content\/uploads\/2018\/01\/cropped-20171105_093226-1-300x180.jpg 300w, https:\/\/stallzeit-dk.de\/wp-content\/uploads\/2018\/01\/cropped-20171105_093226-1-768x461.jpg 768w, https:\/\/stallzeit-dk.de\/wp-content\/uploads\/2018\/01\/cropped-20171105_093226-1.jpg 2000w\" sizes=\"auto, (max-width: 498px) 100vw, 498px\" \/><\/figure><\/h3>\n\n\n\n<p class=\"has-text-align-center\">\u201eStallzeit\u201c ist ein tiergest\u00fctztes p\u00e4dagogisches Angebot f\u00fcr alle Kinder (ab f\u00fcnf Jahre) oder auch Teens und Erwachsene, die Interesse an Shetlandponys und\/oder Kaninchen haben.<\/p>\n\n\n\n<p class=\"has-text-align-center\">In der <u>Ponystunde<\/u> lernen die Kinder den Umgang mit dem Pony Charmy. Angefangen mit Halfter anziehen, Pferdeknoten und Fellpflege, bis hin zu Pony f\u00fchren, kleinen Spazierausfl\u00fcgen und Stall ausmisten\u2026..Es gibt jede Menge zu tun und zu erleben. \ud83d\ude42<\/p>\n\n\n\n<p class=\"has-text-align-center\">In der <u>Zwergenstunde<\/u> besch\u00e4ftigen wir uns mit den Kaninchen. Wir lernen sie kennen, beobachten und f\u00fcttern sie.<\/p>\n\n\n","protected":false},"excerpt":{"rendered":"<p>Herzlich Willkommen zur \u201eStallzeit\u201c \u2013 wir freuen uns, dass Sie vorbei schauen \u201eStallzeit\u201c ist ein tiergest\u00fctztes p\u00e4dagogisches Angebot f\u00fcr alle Kinder (ab f\u00fcnf Jahre) oder auch Teens und Erwachsene, die Interesse an Shetlandponys und\/oder Kaninchen haben. In der Ponystunde lernen die Kinder den Umgang mit dem Pony Charmy. Angefangen mit Halfter anziehen, Pferdeknoten und Fellpflege, &hellip; <\/p>\n<p class=\"link-more\"><a href=\"https:\/\/stallzeit-dk.de\/\" class=\"more-link\"><span class=\"screen-reader-text\">\u201eHome\u201c<\/span> weiterlesen<\/a><\/p>\n","protected":false},"author":1,"featured_media":138,"parent":0,"menu_order":0,"comment_status":"closed","ping_status":"closed","template":"","meta":{"footnotes":""},"class_list":["post-4","page","type-page","status-publish","has-post-thumbnail","hentry"],"_links":{"self":[{"href":"https:\/\/stallzeit-dk.de\/index.php?rest_route=\/wp\/v2\/pages\/4","targetHints":{"allow":["GET"]}}],"collection":[{"href":"https:\/\/stallzeit-dk.de\/index.php?rest_route=\/wp\/v2\/pages"}],"about":[{"href":"https:\/\/stallzeit-dk.de\/index.php?rest_route=\/wp\/v2\/types\/page"}],"author":[{"embeddable":true,"href":"https:\/\/stallzeit-dk.de\/index.php?rest_route=\/wp\/v2\/users\/1"}],"replies":[{"embeddable":true,"href":"https:\/\/stallzeit-dk.de\/index.php?rest_route=%2Fwp%2Fv2%2Fcomments&post=4"}],"version-history":[{"count":9,"href":"https:\/\/stallzeit-dk.de\/index.php?rest_route=\/wp\/v2\/pages\/4\/revisions"}],"predecessor-version":[{"id":143,"href":"https:\/\/stallzeit-dk.de\/index.php?rest_route=\/wp\/v2\/pages\/4\/revisions\/143"}],"wp:featuredmedia":[{"embeddable":true,"href":"https:\/\/stallzeit-dk.de\/index.php?rest_route=\/wp\/v2\/media\/138"}],"wp:attachment":[{"href":"https:\/\/stallzeit-dk.de\/index.php?rest_route=%2Fwp%2Fv2%2Fmedia&parent=4"}],"curies":[{"name":"wp","href":"https:\/\/api.w.org\/{rel}","templated":true}]}}